{"id":736,"date":"2013-09-02T20:31:32","date_gmt":"2013-09-02T18:31:32","guid":{"rendered":"http:\/\/palinski.org\/wp-content\/uploads\/2013\/09\/MG_0687.jpg"},"modified":"2013-09-02T20:31:32","modified_gmt":"2013-09-02T18:31:32","slug":"_mg_0687","status":"inherit","type":"attachment","link":"https:\/\/palinski.org\/?attachment_id=736","title":{"rendered":"_MG_0687"},"author":1,"featured_media":0,"comment_status":"open","ping_status":"open","template":"","meta":[],"class_list":["post-736","attachment","type-attachment","status-inherit","hentry"],"description":{"rendered":"<p class=\"attachment\"><a href='https:\/\/palinski.org\/wp-content\/uploads\/2013\/09\/MG_0687.jpg'><img loading=\"lazy\" decoding=\"async\" width=\"300\" height=\"200\" src=\"https:\/\/palinski.org\/wp-content\/uploads\/2013\/09\/MG_0687-300x200.jpg\" class=\"attachment-medium size-medium\" alt=\"\" srcset=\"https:\/\/palinski.org\/wp-content\/uploads\/2013\/09\/MG_0687-300x200.jpg 300w, https:\/\/palinski.org\/wp-content\/uploads\/2013\/09\/MG_0687-150x100.jpg 150w, https:\/\/palinski.org\/wp-content\/uploads\/2013\/09\/MG_0687-768x512.jpg 768w, https:\/\/palinski.org\/wp-content\/uploads\/2013\/09\/MG_0687.jpg 850w\" sizes=\"auto, (max-width: 300px) 100vw, 300px\" \/><\/a><\/p>\n"},"caption":{"rendered":"<p>Start rakiety grupy krakowskiej o nap\u0119dzie hybrydowym. Rakieta osi\u0105gn\u0119\u0142a wysoko\u015b\u0107 ok. 2,7 km.<\/p>\n"},"alt_text":"","media_type":"image","mime_type":"image\/jpeg","media_details":{"width":850,"height":567,"file":"2013\/09\/MG_0687.jpg","sizes":{"thumbnail":{"file":"MG_0687-150x100.jpg","width":150,"height":100,"mime_type":"image\/jpeg","source_url":"https:\/\/palinski.org\/wp-content\/uploads\/2013\/09\/MG_0687-150x100.jpg"},"medium":{"file":"MG_0687-300x200.jpg","width":300,"height":200,"mime_type":"image\/jpeg","source_url":"https:\/\/palinski.org\/wp-content\/uploads\/2013\/09\/MG_0687-300x200.jpg"},"medium_large":{"file":"MG_0687-768x512.jpg","width":768,"height":512,"mime_type":"image\/jpeg","source_url":"https:\/\/palinski.org\/wp-content\/uploads\/2013\/09\/MG_0687-768x512.jpg"},"full":{"file":"MG_0687.jpg","width":850,"height":567,"mime_type":"image\/jpeg","source_url":"https:\/\/palinski.org\/wp-content\/uploads\/2013\/09\/MG_0687.jpg"}},"image_meta":{"aperture":"4.5","credit":"","camera":"Canon EOS 50D","caption":"","created_timestamp":"1378059441","copyright":"","focal_length":"20","iso":"100","shutter_speed":"0.005","title":"","orientation":"1","keywords":[]}},"post":735,"source_url":"https:\/\/palinski.org\/wp-content\/uploads\/2013\/09\/MG_0687.jpg"}

<p>Start rakiety grupy krakowskiej o napędzie hybrydowym. Rakieta osiągnęła wysokość ok. 2,7 km.</p>
